are the prime factors of 139038578?
2, 7, 79, 17959
What are the prime factors of 79728986?
2, 3821, 10433
List the prime factors of 1651347141.
3, 5387, 102181
List the prime factors of 254719892.
2, 7, 191, 47629
List the prime factors of 919523030.
2, 5, 17, 5408959
List the prime factors of 276979279.
3511, 78889
What are the prime factors of 605113932?
2, 3, 53, 951437
What are the prime factors of 1264012217?
13, 173, 277, 2029
List the prime factors of 3973766736.
2, 3, 151, 397, 1381
What are the prime factors of 1668179935?
5, 333635987
What are the prime factors of 1120380938?
2, 560190469
What are the prime factors of 44273266?
2, 601, 36833
List the prime factors of 76904643.
3, 41, 47, 53, 251
What are the prime factors of 73197075?
3, 5, 7, 139423
What are the prime factors of 12731452?
2, 31, 102673
What are the prime factors of 109161374?
2, 7, 7797241
List the prime factors of 3353757504.
2, 3, 17467487
List the prime factors of 147477603.
3, 7, 13, 229, 337
List the prime factors of 1652314399.
1652314399
What are the prime factors of 5991343008?
2, 3, 7, 191, 46679
List the prime factors of 381471397.
381471397
What are the prime factors of 328937280?
2, 3, 5, 7, 31, 1579
What are the prime factors of 247116904?
2, 67, 263, 1753
What are the prime factors of 192022480?
2, 5, 13, 17, 10861
List the prime factors of 239113105.
5, 7, 11, 167, 3719
List the prime factors of 27369235.
5, 17, 321991
List the prime factors of 33430995.
3, 5, 13, 43, 443
What are the prime factors of 972006560?
2, 5, 7, 19, 45677
What are the prime factors of 17638505?
5, 1193, 2957
What are the prime factors of 9757027?
7, 173, 1151
What are the prime factors of 99611713?
99611713
What are the prime factors of 1748533?
347, 5039
List the prime factors of 294967681.
1307, 225683
List the prime factors of 971191775.
5, 38847671
What are the prime factors of 14465120?
2, 5, 90407
List the prime factors of 9366584999.
9341, 1002739
What are the prime factors of 293360661?
3, 11, 101, 29339
What are the prime factors of 2437464010?
2, 5, 127, 709, 2707
What are the prime factors of 392556385?
5, 13, 83, 72763
List the prime factors of 250377050.
2, 5, 7, 11, 65033
List the prime factors of 776458147.
31, 25047037
List the prime factors of 4300508178.
2, 3, 47, 5083343
What are the prime factors of 30959411?
7, 4422773
What are the prime factors of 30408203?
7, 4344029
List the prime factors of 1570682.
2, 785341
What are the prime factors of 249377378?
2, 124688689
List the prime factors of 116023839.
3, 38674613
What are the prime factors of 316569513?
3, 13, 8117167
List the prime factors of 595080287.
37, 16083251
List the prime factors of 6852916.
2, 7, 244747
What are the prime factors of 92723551?
92723551
What are the prime factors of 52179654?
2, 3, 8696609
List the prime factors of 86215621.
109, 790969
List the prime factors of 11843397.
3, 29, 45377
What are the prime factors of 22741288?
2, 61, 46601
What are the prime factors of 89799908?
2, 11, 101, 167
List the prime factors of 48361918.
2, 11, 2198269
What are the prime factors of 6068593771?
673, 9017227
List the prime factors of 3722536116.
2, 3, 13, 127, 6959
List the prime factors of 93350157.
3, 3083, 10093
What are the prime factors of 5206219877?
149, 34941073
List the prime factors of 21292523.
7, 3041789
What are the prime factors of 21076191?
3, 691, 3389
List the prime factors of 132416805.
3, 5, 167, 52861
List the prime factors of 51883964.
2, 11, 83, 14207
What are the prime factors of 105993760?
2, 5, 773, 857
What are the prime factors of 54101793?
3, 18033931
What are the prime factors of 402054852?
2, 3, 33504571
List the prime factors of 105338445.
3, 5, 37, 189799
What are the prime factors of 409304952?
2, 3, 7, 37, 47, 467
List the prime factors of 36141685.
5, 29, 249253
What are the prime factors of 2356842431?
661, 3565571
List the prime factors of 223905767.
59, 3795013
List the prime factors of 313062863.
311, 1006633
List the prime factors of 783376022.
2, 11, 13, 22637
List the prime factors of 5418669.
3, 1806223
What are the prime factors of 82399574?
2, 367, 112261
List the prime factors of 191860055.
5, 38372011
What are the prime factors of 864192781?
151, 5723131
List the prime factors of 31072496.
2, 7, 13, 21341
List the prime factors of 982863897.
3, 31, 73, 144773
List the prime factors of 2598200957.
11, 23, 446503
What are the prime factors of 6166421?
71, 86851
What are the prime factors of 208084446?
2, 3, 67, 172541
What are the prime factors of 11538010?
2, 5, 11, 104891
List the prime factors of 82732277.
82732277
List the prime factors of 5580668363.
5580668363
What are the prime factors of 5225047755?
3, 5, 79, 353, 12491
List the prime factors of 1154924150.
2, 5, 23098483
List the prime factors of 4454850563.
3137, 1420099
What are the prime factors of 1214248770?
2, 3, 5, 7, 19, 281
What are the prime factors of 47666706?
2, 3, 19, 418129
List the prime factors of 39693336.
2, 3, 199, 8311
List the prime factors of 915775392.
2, 3, 7, 1362761
What are the prime factors of 385321091?
385321091
What are the prime factors of 68560233?
3, 7, 3264773
What are the prime factors of 5545021839?
3, 7, 59, 457, 1399
What are the prime factors of 361248642?
2, 3, 31, 647399
List the prime factors of 234975563.
234975563
List the prime factors of 59991408.
2, 3, 138869
List the prime factors of 3058685579.
3058685579
What are the prime factors of 102545514?
2, 3, 61, 1153
List the prime factors of 2062624690.
2, 5, 7, 787, 37441
What are the prime factors of 57559310?
2, 5, 5755931
What are the prime factors of 56789900?
2, 5, 567899
What are the prime factors of 470727943?
7, 17, 83, 47659
List the prime factors of 1958790184.
2, 13, 17, 1107913
List the prime factors of 584439826.
2, 7789, 37517
List the prime factors of 482726487.
3, 137, 157, 7481
List the prime factors of 1123792535.
5, 23, 367, 26627
What are the prime factors of 130647043?
2801, 46643
List the prime factors of 282322963.
13, 877, 24763
List the prime factors of 92016773.
31, 2968283
What are the prime factors of 687114259?
13, 23, 2298041
What are the prime factors of 1837495440?
2, 3, 5, 11, 232007
What are the prime factors of 37210488?
2, 3, 7, 61, 3631
What are the prime factors of 512782547?
512782547
What are the prime factors of 297273460?
2, 5, 11, 1351243
List the prime factors of 115917166.
2, 107, 541669
What are the prime factors of 1982077480?
2, 5, 3877, 12781
What are the prime factors of 223151867?
6427, 34721
What are the prime factors of 166884702?
2, 3, 27814117
What are the prime factors of 781863560?
2, 5, 19546589
List the prime factors of 19745701.
173, 311, 367
List the prime factors of 1834163964.
2, 3, 421, 121019
What are the prime factors of 1639689001?
59, 27791339
List the prime factors of 39051389.
13, 1423, 2111
What are the prime factors of 25058498?
2, 12529249
List the prime factors of 1111952255.
5, 79, 2815069
List the prime factors of 1996510037.
563, 3546199
What are the prime factors of 1840956065?
5, 13, 3517, 8053
What are the prime factors of 779461758?
2, 3, 37, 367, 1063
What are the prime factors of 15945196?
2, 67, 59497
List the prime factors of 2067011544.
2, 3, 13, 977, 6781
What are the prime factors of 72029452?
2, 11, 419, 3907
What are the prime factors of 600131514?
2, 3, 41, 137, 17807
What are the prime factors of 53761584?
2, 3, 149, 7517
What are the prime factors of 1387860?
2, 3, 5, 23131
List the prime factors of 2510851955.
5, 673, 746167
What are the prime factors of 40662749?
2269, 17921
What are the prime factors of 50894240?
2, 5, 37, 8597
List the prime factors of 48666823.
48666823
List the prime factors of 677024276.
2, 169256069
List the prime factors of 90488674.
2, 45244337
What are the prime factors of 241473922?
2, 120736961
List the prime factors of 39287665.
5, 7857533
What are the prime factors of 356192332?
2, 89048083
What are the prime factors of 450750816?
2, 3, 181, 8647
List the prime factors of 1901772996.
2, 3, 31, 5112293
What are the prime factors of 5078143075?
5, 9349, 21727
List the prime factors of 1234704526.
2, 11, 17, 194197
List the prime factors of 47820633.
3, 7, 131, 17383
